{"id":376,"date":"2012-04-09T11:34:14","date_gmt":"2012-04-09T10:34:14","guid":{"rendered":"https:\/\/joker-showband.de\/?page_id=376"},"modified":"2012-05-10T21:10:04","modified_gmt":"2012-05-10T20:10:04","slug":"jule-kerstin","status":"publish","type":"page","link":"https:\/\/joker-showband.de\/?page_id=376","title":{"rendered":"Jule &#038; Kerstin"},"content":{"rendered":"<h3><span style=\"color: #c0c0c0;\">Joker mit zwei S\u00e4ngerinnen:<\/span><\/h3>\n<p>&nbsp;<\/p>\n<h6>Mit viel Charme und Humor moderieren unsere beiden M\u00e4dels gemeinsam durch den Abend und lassen gesanglich keine W\u00fcnsche offen &#8211; mehr geht nicht!<\/h6>\n<p><a href=\"https:\/\/joker-showband.de\/wp-content\/uploads\/2012\/05\/julekerstin_s.jpg\"><img decoding=\"async\" loading=\"lazy\" class=\"aligncenter size-medium wp-image-927\" title=\"julekerstin_s\" src=\"https:\/\/joker-showband.de\/wp-content\/uploads\/2012\/05\/julekerstin_s-300x168.jpg\" alt=\"\" width=\"300\" height=\"168\" srcset=\"https:\/\/joker-showband.de\/wp-content\/uploads\/2012\/05\/julekerstin_s-300x168.jpg 300w, https:\/\/joker-showband.de\/wp-content\/uploads\/2012\/05\/julekerstin_s-635x357.jpg 635w, https:\/\/joker-showband.de\/wp-content\/uploads\/2012\/05\/julekerstin_s-410x230.jpg 410w, https:\/\/joker-showband.de\/wp-content\/uploads\/2012\/05\/julekerstin_s.jpg 1000w\" sizes=\"(max-width: 300px) 100vw, 300px\" \/><\/a><\/p>\n<p style=\"text-align: center;\">\n<p>&nbsp;<\/p>\n","protected":false},"excerpt":{"rendered":"<p>Joker mit zwei S\u00e4ngerinnen: &nbsp; Mit viel Charme und Humor moderieren unsere beiden M\u00e4dels gemeinsam durch den Abend und lassen gesanglich keine W\u00fcnsche offen &#8211; mehr geht nicht! &nbsp;<\/p>\n","protected":false},"author":1,"featured_media":917,"parent":0,"menu_order":0,"comment_status":"closed","ping_status":"closed","template":"","meta":{"ngg_post_thumbnail":0},"_links":{"self":[{"href":"https:\/\/joker-showband.de\/index.php?rest_route=\/wp\/v2\/pages\/376"}],"collection":[{"href":"https:\/\/joker-showband.de\/index.php?rest_route=\/wp\/v2\/pages"}],"about":[{"href":"https:\/\/joker-showband.de\/index.php?rest_route=\/wp\/v2\/types\/page"}],"author":[{"embeddable":true,"href":"https:\/\/joker-showband.de\/index.php?rest_route=\/wp\/v2\/users\/1"}],"replies":[{"embeddable":true,"href":"https:\/\/joker-showband.de\/index.php?rest_route=%2Fwp%2Fv2%2Fcomments&post=376"}],"version-history":[{"count":35,"href":"https:\/\/joker-showband.de\/index.php?rest_route=\/wp\/v2\/pages\/376\/revisions"}],"predecessor-version":[{"id":382,"href":"https:\/\/joker-showband.de\/index.php?rest_route=\/wp\/v2\/pages\/376\/revisions\/382"}],"wp:featuredmedia":[{"embeddable":true,"href":"https:\/\/joker-showband.de\/index.php?rest_route=\/wp\/v2\/media\/917"}],"wp:attachment":[{"href":"https:\/\/joker-showband.de\/index.php?rest_route=%2Fwp%2Fv2%2Fmedia&parent=376"}],"curies":[{"name":"wp","href":"https:\/\/api.w.org\/{rel}","templated":true}]}}