{"id":325,"date":"2012-03-25T17:44:35","date_gmt":"2012-03-25T16:44:35","guid":{"rendered":"https:\/\/joker-showband.de\/?page_id=325"},"modified":"2012-04-28T20:26:15","modified_gmt":"2012-04-28T19:26:15","slug":"traum-zeit","status":"publish","type":"page","link":"https:\/\/joker-showband.de\/?page_id=325","title":{"rendered":"Traum &#038; Zeit"},"content":{"rendered":"<h1 style=\"text-align: left;\"><\/h1>\n<h6 style=\"text-align: left;\">Unsere S\u00e4ngerin Julia B\u00f6ttcher und ihr Pianist Jens Petersen entf\u00fchren Ihr Publikum stilvoll mit ausgew\u00e4hlten Coversongs und deutschsprachigen Rock- und Poptiteln aus eigener Feder in eine Welt voller Poesie und Emotionen &#8211; auch in Kombination mit der kompletten Joker-Bandbesetzung.<\/h6>\n<p>&nbsp;<\/p>\n<h6 style=\"text-align: center;\"><img decoding=\"async\" loading=\"lazy\" class=\"aligncenter\" title=\"Traum &amp; Zeit\" src=\"https:\/\/joker-showband.de\/wp-content\/uploads\/2012\/03\/375381_281121848586096_123861114312171_925008_1185348779_n-300x199.jpg\" alt=\"\" width=\"314\" height=\"209\" \/>Weitere Infos &amp; Kontaktdaten gibt es auf der Homepage von<span style=\"color: #c0c0c0;\"> <a title=\"Traum &amp; Zeit\" href=\"https:\/\/www.traumzeit-music.de\" target=\"_blank\"><span style=\"color: #c0c0c0;\">Traum &amp; Zeit<\/span><\/a><\/span>!<\/h6>\n","protected":false},"excerpt":{"rendered":"<p>Unsere S\u00e4ngerin Julia B\u00f6ttcher und ihr Pianist Jens Petersen entf\u00fchren Ihr Publikum stilvoll mit ausgew\u00e4hlten Coversongs und deutschsprachigen Rock- und Poptiteln aus eigener Feder in eine Welt voller Poesie und Emotionen &#8211; auch in Kombination mit der kompletten Joker-Bandbesetzung. &nbsp; Weitere Infos &amp; Kontaktdaten gibt es auf der Homepage von Traum &amp; Zeit!<\/p>\n","protected":false},"author":1,"featured_media":571,"parent":0,"menu_order":0,"comment_status":"closed","ping_status":"closed","template":"","meta":{"ngg_post_thumbnail":0},"_links":{"self":[{"href":"https:\/\/joker-showband.de\/index.php?rest_route=\/wp\/v2\/pages\/325"}],"collection":[{"href":"https:\/\/joker-showband.de\/index.php?rest_route=\/wp\/v2\/pages"}],"about":[{"href":"https:\/\/joker-showband.de\/index.php?rest_route=\/wp\/v2\/types\/page"}],"author":[{"embeddable":true,"href":"https:\/\/joker-showband.de\/index.php?rest_route=\/wp\/v2\/users\/1"}],"replies":[{"embeddable":true,"href":"https:\/\/joker-showband.de\/index.php?rest_route=%2Fwp%2Fv2%2Fcomments&post=325"}],"version-history":[{"count":31,"href":"https:\/\/joker-showband.de\/index.php?rest_route=\/wp\/v2\/pages\/325\/revisions"}],"predecessor-version":[{"id":336,"href":"https:\/\/joker-showband.de\/index.php?rest_route=\/wp\/v2\/pages\/325\/revisions\/336"}],"wp:featuredmedia":[{"embeddable":true,"href":"https:\/\/joker-showband.de\/index.php?rest_route=\/wp\/v2\/media\/571"}],"wp:attachment":[{"href":"https:\/\/joker-showband.de\/index.php?rest_route=%2Fwp%2Fv2%2Fmedia&parent=325"}],"curies":[{"name":"wp","href":"https:\/\/api.w.org\/{rel}","templated":true}]}}