{"id":24,"date":"2012-02-11T22:27:22","date_gmt":"2012-02-11T21:27:22","guid":{"rendered":"https:\/\/joker-showband.de\/?page_id=24"},"modified":"2018-12-23T22:25:16","modified_gmt":"2018-12-23T21:25:16","slug":"impressum","status":"publish","type":"page","link":"https:\/\/joker-showband.de\/?page_id=24","title":{"rendered":"Impressum"},"content":{"rendered":"<p>Lau &amp; Jacobs GbR<br \/>\nWobbenb\u00fcller Chaussee 3a<br \/>\nD-25856 Hattstedt<br \/>\n<strong>Telefon:<\/strong> +49 48 46 69 31 54<br \/>\n<strong>Telefax:<\/strong> +49 48 46 69 31 55<br \/>\n<strong>E-Mail:<\/strong> <a href=\"mailto:joker.ulau@t-online.de\">joker.ulau@t-online.de<\/a><br \/>\n<strong>Internet:<\/strong> <a href=\"https:\/\/www.joker-showband.de\/\">www.joker-showband.de<\/a><\/p>\n<p><strong>Vertretungsberechtigter Gesellschafter: <\/strong>Uwe Lau<br \/>\n<strong>Umsatzsteuer-Identifikationsnummer gem\u00e4\u00df \u00a7 27 a Umsatzsteuergesetz:<\/strong>&nbsp;DE 211426838<\/p>\n<p><strong>Haftungshinweis:<\/strong><br \/>\nTrotz sorgf\u00e4ltiger inhaltlicher Kontrolle \u00fcbernehmen wir keine Haftung f\u00fcr die Inhalte externer Links. F\u00fcr den Inhalt der verlinkten Seiten sind ausschlie\u00dflich deren Betreiber verantwortlich. (<a id=\"m9\" title=\"Disclaimer\" href=\"https:\/\/joker-showband.de\/?page_id=26\">weitere Details&#8230;<\/a>)<\/p>\n<p><strong>Bildrechte:<\/strong><\/p>\n<p>Shirin Baoche<br \/>\nTina Timm <a href=\"mailto:tinafaerber@foni.net\">tinafaerber@foni.net<\/a><br \/>\nSven Kurzhals<br \/>\nPeer Franke <a href=\"mailto:peer.franke@gmx.de\">peer.franke@gmx.de<\/a><\/p>\n<p><strong>Webmaster &amp; Technische Unterst\u00fctzung:<\/strong><br \/>\nUlf Engels, <a href=\"mailto:ulf@stadtparkwiese.de\">ulf@stadtparkwiese.de<\/a><\/p>\n<p><a href=\"https:\/\/joker-showband.de\/?page_id=1046\">Datenschutzerkl\u00e4rung<\/a><\/p>\n<p>Plattform der Europ\u00e4ischen Kommission zur Online-Streitbeilegung (OS) f\u00fcr Verbraucher: <a href\"https:=\"\" ec.europa.eu=\"\" consumers=\"\" odr=\"\" \"=\"\" target=\"_blank\">https:\/\/ec.europa.eu\/consumers\/odr\/<\/a>. Wir sind nicht bereit und nicht verpflichtet an einem Streitbeilegungsverfahren vor einer Verbraucherschlichtungsstelle teilzunehmen.<\/p>\n","protected":false},"excerpt":{"rendered":"<p>Lau &amp; Jacobs GbR Wobbenb\u00fcller Chaussee 3a D-25856 Hattstedt Telefon: +49 48 46 69 31 54 Telefax: +49 48 46 69 31 55 E-Mail: joker.ulau@t-online.de Internet: www.joker-showband.de Vertretungsberechtigter Gesellschafter: Uwe Lau Umsatzsteuer-Identifikationsnummer gem\u00e4\u00df \u00a7 27 a Umsatzsteuergesetz:&nbsp;DE 211426838 Haftungshinweis: Trotz sorgf\u00e4ltiger inhaltlicher Kontrolle \u00fcbernehmen wir keine Haftung f\u00fcr die Inhalte externer Links. F\u00fcr den Inhalt [&hellip;]<\/p>\n","protected":false},"author":1,"featured_media":0,"parent":0,"menu_order":0,"comment_status":"closed","ping_status":"open","template":"","meta":{"ngg_post_thumbnail":0},"_links":{"self":[{"href":"https:\/\/joker-showband.de\/index.php?rest_route=\/wp\/v2\/pages\/24"}],"collection":[{"href":"https:\/\/joker-showband.de\/index.php?rest_route=\/wp\/v2\/pages"}],"about":[{"href":"https:\/\/joker-showband.de\/index.php?rest_route=\/wp\/v2\/types\/page"}],"author":[{"embeddable":true,"href":"https:\/\/joker-showband.de\/index.php?rest_route=\/wp\/v2\/users\/1"}],"replies":[{"embeddable":true,"href":"https:\/\/joker-showband.de\/index.php?rest_route=%2Fwp%2Fv2%2Fcomments&post=24"}],"version-history":[{"count":8,"href":"https:\/\/joker-showband.de\/index.php?rest_route=\/wp\/v2\/pages\/24\/revisions"}],"predecessor-version":[{"id":1075,"href":"https:\/\/joker-showband.de\/index.php?rest_route=\/wp\/v2\/pages\/24\/revisions\/1075"}],"wp:attachment":[{"href":"https:\/\/joker-showband.de\/index.php?rest_route=%2Fwp%2Fv2%2Fmedia&parent=24"}],"curies":[{"name":"wp","href":"https:\/\/api.w.org\/{rel}","templated":true}]}}